{"id":108,"date":"2022-10-24T14:22:19","date_gmt":"2022-10-24T14:22:19","guid":{"rendered":"https:\/\/halvarsson.no-ip.com\/wordpressssf\/?page_id=108"},"modified":"2025-08-29T15:20:29","modified_gmt":"2025-08-29T15:20:29","slug":"lagturnering","status":"publish","type":"page","link":"https:\/\/halvarsson.no-ip.com\/wordpressssf\/lagturnering\/","title":{"rendered":"Lagturnering"},"content":{"rendered":"\n<p>Medlemssystem st\u00f6djer att lotta b\u00e5de individuella och lagturneringar. Lagturneringar med berger, monrad, FIDE-schweizer eller nordisk schweizer). F\u00f6r FIDE-schweizer och nordisk schweizer, s\u00e4tt lagranking genom att klicka p\u00e5 deltagande lag i Visa deltagare och fyll i en lagranking.<\/p>\n\n\n\n<p>Du skapar din turnering genom att g\u00e5 till turneringar och klicka p\u00e5 skapa turnering.<br><img decoding=\"async\" src=\"https:\/\/halvarsson.no-ip.com\/wordpressssf\/wp-content\/uploads\/2024\/04\/skapa_turnering1.png\" alt=\"\"><br>S\u00e4tt ett namn f\u00f6r turneringen, vilken typ av lagturnering det ska vara. Fyll i start och slutdatum, antal grupper (oftast 1), antal ronder.<br>FIDE-registrerad anger om bara om turneringen kommer att FIDE-registreras. Du beh\u00f6ver fortfarande kontakta SSFs rating officer (nuvarande \u00e4r Tapio Tikkanen).<\/p>\n\n\n\n<p>Klicka p\u00e5 n\u00e4sta och turneringen kommer att skapas. Sedan kommer du till att fylla i n\u00e4r ronderna \u00e4r.<\/p>\n\n\n\n<figure class=\"wp-block-image\"><img decoding=\"async\" src=\"https:\/\/halvarsson.no-ip.com\/wordpressssf\/wp-content\/uploads\/2024\/04\/edit_ronder.png\" alt=\"\"\/><\/figure>\n\n\n\n<p>Klicka p\u00e5 en rond f\u00f6r att \u00e4ndra datum och rankingtyp som g\u00e4ller f\u00f6r ronden.<\/p>\n\n\n\n<p><\/p>\n\n\n\n<figure class=\"wp-block-image\"><img decoding=\"async\" src=\"https:\/\/halvarsson.no-ip.com\/wordpressssf\/wp-content\/uploads\/2024\/04\/edit_ronder.png\" alt=\"\"\/><\/figure>\n\n\n\n<figure class=\"wp-block-image size-full\"><img loading=\"lazy\" decoding=\"async\" width=\"442\" height=\"500\" src=\"https:\/\/halvarsson.no-ip.com\/wordpressssf\/wp-content\/uploads\/2022\/10\/image-11.png\" alt=\"\" class=\"wp-image-115\" srcset=\"https:\/\/halvarsson.no-ip.com\/wordpressssf\/wp-content\/uploads\/2022\/10\/image-11.png 442w, https:\/\/halvarsson.no-ip.com\/wordpressssf\/wp-content\/uploads\/2022\/10\/image-11-265x300.png 265w\" sizes=\"auto, (max-width: 442px) 100vw, 442px\" \/><\/figure>\n\n\n\n<p>Domare\/l\u00e5sningstid f\u00f6r lagledare och publiceringstid anv\u00e4nds n\u00e4r man har en lagturnering och vill ge lagledare m\u00f6jlighet att anm\u00e4la laget via medlemssystemet. F\u00f6r att sl\u00e5 p\u00e5 den funktionaliteten ange domar-id. Ange sedan senaste tid som lagledare ska ha anm\u00e4lt laget vi l\u00e5sningstid f\u00f6r lagledare. De kan \u00e4ndra laguppst\u00e4llningen hur m\u00e5nga g\u00e5nger som helst fram till denna tidpunkt. Varje g\u00e5ng de \u00e4ndrar laget f\u00e5r de ett bekr\u00e4ftelsemail. Publiceringstid \u00e4r den tidpunkt som de anm\u00e4lda lagen blir tillg\u00e4ngliga f\u00f6r alla i medlemssystemet.<\/p>\n\n\n\n<p>Har man olika domare f\u00f6r varje match i samma rond, s\u00e5 v\u00e4ljer man exakt match som inst\u00e4llningar ska g\u00e4lla. Det kr\u00e4ver d\u00e5 att man lottat i f\u00f6rv\u00e4g.<\/p>\n\n\n\n<p>Lagledare kan b\u00f6rja rapportera in laguppst\u00e4llningar sju dagar innan en rond. \u00c4r ronden en fredag, kan man b\u00f6rja rapportera in laguppst\u00e4llning p\u00e5 l\u00f6rdagen.<\/p>\n\n\n\n<p>Lagledare \u00e4r en roll p\u00e5 en medlem, som klubbadministrat\u00f6r s\u00e5 utser man lagledare genom att s\u00f6ka upp medlemmen som ska vara lagledare, v\u00e4lj &#8220;Visa roller&#8221; i dropdown-menyn. I en rad finns L\u00e4gg till lagledare. V\u00e4lj turnering, lag, lagnummer och klicka p\u00e5 l\u00e4gg till.<\/p>\n\n\n\n<p>En turnering m\u00e5ste ha en toppdivision\/klass. Varje klass kan ha en underklass och flera grupper.<\/p>\n\n\n\n<p><img decoding=\"async\" src=\"https:\/\/halvarsson.no-ip.com\/wordpressssf\/wp-content\/uploads\/2024\/04\/allsvenskan.png\" alt=\"\"><\/p>\n\n\n\n<p>Turneringen heter Allsvenskan 2020\/21.<br>Den har en startdivision som heter Elitserien. Den divisionen inneh\u00e5ller en grupp som heter exakt samma sak.<br>Divisionen Elitserien har sedan en underdivision som heter Superettan som inneh\u00e5ller en grupp som heter exakt samma sak.<br>Divisionen Superettan har sedan en underdivision som heter Div I som inneh\u00e5ller fyra grupper: 1\/2\/3\/4.<br>Divisionen har sedan en underdivision som heter Div II som &#8230; osv.<\/p>\n\n\n\n<p>Varje nod i tr\u00e4det ni ser ovan visas n\u00e4r man klickar p\u00e5 turneringen Allsvenskan 2020\/21 eller p\u00e5 en division.<\/p>\n\n\n\n<p>Varje grupp har sedan deltagare, i allsvenskan i form av lag. Ett lag \u00e4r en klubb med ett lagnummer.<br>I en individuell turnering \u00e4r deltagarna i en grupp medlemmar i klubbar.<\/p>\n\n\n\n<p>L\u00e4gg sedan till lagen som ska vara med genom att g\u00e5 p\u00e5 Visa deltagare och v\u00e4lj l\u00e4gg till deltagare i drop-down menyn.<\/p>\n\n\n\n<figure class=\"wp-block-image size-full\"><img loading=\"lazy\" decoding=\"async\" width=\"725\" height=\"464\" src=\"https:\/\/halvarsson.no-ip.com\/wordpressssf\/wp-content\/uploads\/2022\/10\/image-10.png\" alt=\"\" class=\"wp-image-110\" srcset=\"https:\/\/halvarsson.no-ip.com\/wordpressssf\/wp-content\/uploads\/2022\/10\/image-10.png 725w, https:\/\/halvarsson.no-ip.com\/wordpressssf\/wp-content\/uploads\/2022\/10\/image-10-300x192.png 300w, https:\/\/halvarsson.no-ip.com\/wordpressssf\/wp-content\/uploads\/2022\/10\/image-10-600x384.png 600w\" sizes=\"auto, (max-width: 725px) 100vw, 725px\" \/><\/figure>\n\n\n\n<p>F\u00f6r ett lag finns det tre alternativ f\u00f6r vilka spelare som \u00e4r tillg\u00e4ngliga i laget. Spelarregistrering, Rankinglista och Lag.<\/p>\n\n\n\n<p>F\u00f6r spelarregistrering s\u00e5 registreras huvudmedlemmar i klubben automatiskt p\u00e5 spelarregistreringen (som \u00e4r unik f\u00f6r varje turnering), och endast sekund\u00e4rmedlemmar beh\u00f6ver registreras f\u00f6r hand. En medlem kan endast vara registrerad f\u00f6r ett lag.<\/p>\n\n\n\n<p>F\u00f6r rankinglista s\u00e5 \u00e4r de medlemmar som finns p\u00e5 klubbens rankinglista tillg\u00e4ngliga. Det g\u00f6r \u00e4ven att spelare kan vara tillg\u00e4ngliga f\u00f6r flera lag i en turnering.<\/p>\n\n\n\n<p>F\u00f6r lag s\u00e5 skapar man ett lagnamn i turneringen och kan sedan l\u00e4gga till vilka spelare som helst i laget.<\/p>\n\n\n\n<p>Oftast \u00e4r det spelarregistrering man vill anv\u00e4nda.<\/p>\n\n\n\n<p><\/p>\n\n\n\n<p>Lottning<\/p>\n\n\n\n<p>N\u00e4r alla deltagare \u00e4r inlagda, s\u00e5 g\u00e5 till gruppen och v\u00e4lj Lottning i dropdown-menyn.<\/p>\n\n\n\n<p>G\u00e5 till gruppen och klicka p\u00e5 Lotta.<\/p>\n\n\n\n<figure class=\"wp-block-image\"><img decoding=\"async\" src=\"https:\/\/halvarsson.no-ip.com\/wordpressssf\/wp-content\/uploads\/2024\/04\/lotta_rond_1.png\" alt=\"\"\/><\/figure>\n\n\n\n<p>Du f\u00e5r nu en bekr\u00e4ftelse p\u00e5 hur m\u00e5nga som \u00e4r klara att lottas in i turneringen.<br>Lotta n\u00e4sta rond i dropdown lottar helt enkelt n\u00e4sta rond. \u00c4r det en berger turnering lottas alla ronder p\u00e5 en g\u00e5ng.<br>Ta bort senaste rondens lottning g\u00f6r precis det.<br>Lotta manuellt skapar n\u00e4sta rond och du f\u00e5r mata in alla spelare som ska m\u00f6ta varandra f\u00f6r hand.<\/p>\n\n\n\n<p><\/p>\n\n\n\n<p><\/p>\n\n\n\n<p>F\u00f6r att mata in resultat i en lagturnering s\u00e5 m\u00e5ste matchen spelas samma dag som du matar in. Du kan allts\u00e5 inte mata in resultat i f\u00f6rv\u00e4g. <\/p>\n\n\n\n<p>Klicka p\u00e5 matchen i visa lottning f\u00f6r att g\u00e5 till resultatrapportering:<\/p>\n\n\n\n<figure class=\"wp-block-image size-full\"><img loading=\"lazy\" decoding=\"async\" width=\"737\" height=\"633\" src=\"https:\/\/halvarsson.no-ip.com\/wordpressssf\/wp-content\/uploads\/2022\/10\/image-9.png\" alt=\"\" class=\"wp-image-109\" srcset=\"https:\/\/halvarsson.no-ip.com\/wordpressssf\/wp-content\/uploads\/2022\/10\/image-9.png 737w, https:\/\/halvarsson.no-ip.com\/wordpressssf\/wp-content\/uploads\/2022\/10\/image-9-300x258.png 300w, https:\/\/halvarsson.no-ip.com\/wordpressssf\/wp-content\/uploads\/2022\/10\/image-9-600x515.png 600w\" sizes=\"auto, (max-width: 737px) 100vw, 737px\" \/><\/figure>\n\n\n\n<p>D\u00e5 kommer du till:<\/p>\n\n\n\n<figure class=\"wp-block-image\"><img decoding=\"async\" src=\"https:\/\/halvarsson.no-ip.com\/wordpressssf\/wp-content\/uploads\/2024\/04\/mata_in_lag.png\" alt=\"\"\/><\/figure>\n\n\n\n<p>Mata f\u00f6rst in spelarna, fr\u00e5n hemmalaget bord 1. N\u00e4r man v\u00e4ljer spelaren p\u00e5 bord 1 uppdateras borden nedanf\u00f6r med spelarna som kommer efter p\u00e5 rankinglistan. Detta f\u00f6r att underl\u00e4tta inmatningen. S\u00e5 g\u00e5 uppifr\u00e5n och ner f\u00f6r f\u00f6rst hemmalaget och sedan bortalaget. N\u00e4r du matat in alla spelarna, v\u00e4lj Spara spelare.<br>Nu kan du mata in resultaten precis som i en individuell turnering. Matchpo\u00e4ngen uppdateras automatiskt.<br>Tabellen kommer dock inte att uppdateras f\u00f6rr\u00e4n matchen \u00e4r slutspelad.<\/p>\n\n\n\n<p>F\u00f6r lagturningarna finns det \u00e4ven ett snabbval. N\u00e4r man valt spelarna i alla matcher s\u00e5 kan man i lottningsvyn:<\/p>\n\n\n\n<figure class=\"wp-block-image\"><img decoding=\"async\" src=\"https:\/\/halvarsson.no-ip.com\/wordpressssf\/wp-content\/uploads\/2024\/04\/mata_in_manga_resultat_i_lag.png\" alt=\"\"\/><\/figure>\n\n\n\n<p>Klicka p\u00e5 #-symbolen efter h\u00e4sten.<\/p>\n\n\n\n<p>D\u00e5 f\u00e5r man alla matcher i ronden och kan mata in resultat i alla matcher p\u00e5 en g\u00e5ng. V\u00e4ldigt anv\u00e4ndbart vid sammandrag eller lagt\u00e4vlingar d\u00e4r alla spelar p\u00e5 en g\u00e5ng.<\/p>\n\n\n\n<figure class=\"wp-block-image\"><img decoding=\"async\" src=\"https:\/\/halvarsson.no-ip.com\/wordpressssf\/wp-content\/uploads\/2024\/04\/mata_in_flra.png\" alt=\"\"\/><\/figure>\n\n\n\n<p>Klickar man p\u00e5 h\u00e4sten i Visa lottning s\u00e5 f\u00e5r man en pgn-fil motsvarande spelarna i alla matcher som underl\u00e4ttar n\u00e4r man live-s\u00e4nder. I DGT Livechess kan man importera denna och slipper mata in spelarna.<\/p>\n","protected":false},"excerpt":{"rendered":"<p>Medlemssystem st\u00f6djer att lotta b\u00e5de individuella och lagturneringar. Lagturneringar med berger, monrad, FIDE-schweizer eller nordisk schweizer). F\u00f6r FIDE-schweizer och nordisk schweizer, s\u00e4tt lagranking genom att klicka p\u00e5 deltagande lag i Visa deltagare och fyll i en lagranking. Du skapar din turnering genom att g\u00e5 till turneringar och klicka p\u00e5 skapa turnering.S\u00e4tt ett namn f\u00f6r turneringen, vilken typ av lagturnering det ska vara. Fyll i start och slutdatum, antal grupper (oftast 1), antal ronder.FIDE-registrerad anger om bara om turneringen kommer att FIDE-registreras. Du beh\u00f6ver fortfarande kontakta SSFs rating officer (nuvarande \u00e4r Tapio Tikkanen). Klicka p\u00e5 n\u00e4sta och turneringen kommer att skapas.&#46;&#46;&#46;<\/p>\n","protected":false},"author":1,"featured_media":0,"parent":0,"menu_order":0,"comment_status":"closed","ping_status":"closed","template":"","meta":{"footnotes":""},"class_list":["post-108","page","type-page","status-publish","hentry"],"_links":{"self":[{"href":"https:\/\/halvarsson.no-ip.com\/wordpressssf\/wp-json\/wp\/v2\/pages\/108","targetHints":{"allow":["GET"]}}],"collection":[{"href":"https:\/\/halvarsson.no-ip.com\/wordpressssf\/wp-json\/wp\/v2\/pages"}],"about":[{"href":"https:\/\/halvarsson.no-ip.com\/wordpressssf\/wp-json\/wp\/v2\/types\/page"}],"author":[{"embeddable":true,"href":"https:\/\/halvarsson.no-ip.com\/wordpressssf\/wp-json\/wp\/v2\/users\/1"}],"replies":[{"embeddable":true,"href":"https:\/\/halvarsson.no-ip.com\/wordpressssf\/wp-json\/wp\/v2\/comments?post=108"}],"version-history":[{"count":14,"href":"https:\/\/halvarsson.no-ip.com\/wordpressssf\/wp-json\/wp\/v2\/pages\/108\/revisions"}],"predecessor-version":[{"id":314,"href":"https:\/\/halvarsson.no-ip.com\/wordpressssf\/wp-json\/wp\/v2\/pages\/108\/revisions\/314"}],"wp:attachment":[{"href":"https:\/\/halvarsson.no-ip.com\/wordpressssf\/wp-json\/wp\/v2\/media?parent=108"}],"curies":[{"name":"wp","href":"https:\/\/api.w.org\/{rel}","templated":true}]}}