{"id":133,"date":"2022-11-21T20:19:41","date_gmt":"2022-11-21T20:19:41","guid":{"rendered":"https:\/\/halvarsson.no-ip.com\/wordpressssf\/?page_id=133"},"modified":"2022-11-28T22:16:23","modified_gmt":"2022-11-28T22:16:23","slug":"arenaturneringar","status":"publish","type":"page","link":"https:\/\/halvarsson.no-ip.com\/wordpressssf\/arenaturneringar\/","title":{"rendered":"Arenaturneringar"},"content":{"rendered":"\n<p>Det h\u00e4r \u00e4r en beta-funktion som endast kan anv\u00e4ndas av kansliet \u00e4n s\u00e5 l\u00e4nge.<\/p>\n\n\n\n<p>Men. Man kan numera skapa en schackfyran-turnering som kan spelas online med SSFs spela-schack-online-l\u00f6ning, med s.k Arena-lottning. Det inneb\u00e4r att deltagarna lottas ihop hela tiden efterhand som de spelar f\u00e4rdigt partier, ist\u00e4llet f\u00f6r att normalt v\u00e4nta tills alla partier i en rond \u00e4r klara.<\/p>\n\n\n\n<p>F\u00f6r att g\u00f6ra detta s\u00e5 beh\u00f6ver man:<\/p>\n\n\n\n<ul class=\"wp-block-list\"><li>Skapa en schackfyran-turnering.<\/li><li>St\u00e4lla in online-spel.<\/li><li>V\u00e4lja Arena-lottning.<\/li><li>Start och sluttid f\u00f6r gruppen ska vara den dag som turneringen ska spelas.<\/li><li>I varje grupp finns nu en arenastart och arenasluttid. Mellan dessa klockslag kommer turneringen att lotta p\u00e5 de avprickade spealre som finns med arenalottning. <\/li><li>Skapa turneringen p\u00e5 spela.schack.se<\/li><li>F\u00f6r att vara tillg\u00e4nglig f\u00f6r inlottning m\u00e5ste spelarna vara i lobbyn. D\u00e5 s\u00e4tts spelaren som avprickad.<\/li><li>Deltagare \u00e4r med i en klass.<\/li><li>Man skapar b\u00e5de deltagare och klasser i gruppen.<\/li><li>Po\u00e4ng f\u00f6r en deltagare= (Po\u00e4ng+antal_partier) * (1.02-0.02*Float.min(antal_partier, 15)).<\/li><li>Po\u00e4ngen f\u00f6r klassen = (totala s4 po\u00e4ng f\u00f6r alla spelare*40)\/klasstorlek. <\/li><li>N\u00e4r en spelare startar ett parti s\u00e5 plockas dom bort fr\u00e5n n\u00e4sta rond och s\u00e4tts \u00e5ter in i efter att de g\u00e5tt tillbaka till lobbyn.<\/li><li>Matar man in ett resultat f\u00f6r hand i medlemssystemet s\u00e5 s\u00e4tts ocks\u00e5 spelarna \u00e5ter in i turneringen.<\/li><\/ul>\n\n\n\n<p>Har man schackfyran-turnering och klasserna har anm\u00e4lt sig, s\u00e5 kan man synca spelarna och klasstorleken genom att v\u00e4lja &#8220;H\u00e4mta deltagare fr\u00e5n schackfyranklasser&#8221;. Detta \u00e4r endast aktivt om gruppens flagga f\u00f6r &#8220;klasslista&#8221; som krav \u00e4r inkryssad.<\/p>\n\n\n\n<p>Skulle du vilja spela en Arena-Schack4an turnering? H\u00f6r av dig till kansliet ifall det \u00e4r m\u00f6jligt.<\/p>\n","protected":false},"excerpt":{"rendered":"<p>Det h\u00e4r \u00e4r en beta-funktion som endast kan anv\u00e4ndas av kansliet \u00e4n s\u00e5 l\u00e4nge. Men. Man kan numera skapa en schackfyran-turnering som kan spelas online med SSFs spela-schack-online-l\u00f6ning, med s.k Arena-lottning. Det inneb\u00e4r att deltagarna lottas ihop hela tiden efterhand som de spelar f\u00e4rdigt partier, ist\u00e4llet f\u00f6r att normalt v\u00e4nta tills alla partier i en rond \u00e4r klara. F\u00f6r att g\u00f6ra detta s\u00e5 beh\u00f6ver man: Skapa en schackfyran-turnering. St\u00e4lla in online-spel. V\u00e4lja Arena-lottning. Start och sluttid f\u00f6r gruppen ska vara den dag som turneringen ska spelas. I varje grupp finns nu en arenastart och arenasluttid. Mellan dessa klockslag kommer turneringen&#46;&#46;&#46;<\/p>\n","protected":false},"author":1,"featured_media":0,"parent":0,"menu_order":0,"comment_status":"closed","ping_status":"closed","template":"","meta":{"footnotes":""},"class_list":["post-133","page","type-page","status-publish","hentry"],"_links":{"self":[{"href":"https:\/\/halvarsson.no-ip.com\/wordpressssf\/wp-json\/wp\/v2\/pages\/133","targetHints":{"allow":["GET"]}}],"collection":[{"href":"https:\/\/halvarsson.no-ip.com\/wordpressssf\/wp-json\/wp\/v2\/pages"}],"about":[{"href":"https:\/\/halvarsson.no-ip.com\/wordpressssf\/wp-json\/wp\/v2\/types\/page"}],"author":[{"embeddable":true,"href":"https:\/\/halvarsson.no-ip.com\/wordpressssf\/wp-json\/wp\/v2\/users\/1"}],"replies":[{"embeddable":true,"href":"https:\/\/halvarsson.no-ip.com\/wordpressssf\/wp-json\/wp\/v2\/comments?post=133"}],"version-history":[{"count":6,"href":"https:\/\/halvarsson.no-ip.com\/wordpressssf\/wp-json\/wp\/v2\/pages\/133\/revisions"}],"predecessor-version":[{"id":144,"href":"https:\/\/halvarsson.no-ip.com\/wordpressssf\/wp-json\/wp\/v2\/pages\/133\/revisions\/144"}],"wp:attachment":[{"href":"https:\/\/halvarsson.no-ip.com\/wordpressssf\/wp-json\/wp\/v2\/media?parent=133"}],"curies":[{"name":"wp","href":"https:\/\/api.w.org\/{rel}","templated":true}]}}